tors of 3278467821.
3, 1092822607
List the prime factors of 36715357.
7, 191, 3923
What are the prime factors of 1402319229?
3, 467439743
List the prime factors of 647176572.
2, 3, 7, 61, 42101
List the prime factors of 38684509.
509, 76001
What are the prime factors of 149813969?
197, 760477
List the prime factors of 192616660.
2, 5, 9630833
List the prime factors of 4819225578.
2, 3, 61, 89, 197, 751
List the prime factors of 94524107.
19, 4974953
What are the prime factors of 3697235527?
199, 1277, 14549
What are the prime factors of 2257958335?
5, 4793, 94219
List the prime factors of 161026495.
5, 7, 93893
List the prime factors of 844881492.
2, 3, 7, 13, 457, 1693
List the prime factors of 89470687.
349, 256363
What are the prime factors of 5716686530?
2, 5, 53, 10786201
What are the prime factors of 489333007?
991, 493777
What are the prime factors of 7316144502?
2, 3, 1219357417
What are the prime factors of 5941313322?
2, 3, 7, 113, 1251857
What are the prime factors of 141255196?
2, 19, 37, 191, 263
What are the prime factors of 203540741?
71, 127, 22573
List the prime factors of 404806232.
2, 4603, 10993
What are the prime factors of 602292175?
5, 433, 55639
What are the prime factors of 1394796043?
1394796043
List the prime factors of 109111480.
2, 5, 397, 6871
What are the prime factors of 4114408758?
2, 3, 11971, 57283
What are the prime factors of 458143837?
458143837
List the prime factors of 182324747.
11, 2609, 6353
List the prime factors of 7230265.
5, 7, 167, 1237
List the prime factors of 605384924.
2, 5779, 26189
List the prime factors of 355600129.
1283, 277163
List the prime factors of 157064284.
2, 13, 131, 23057
List the prime factors of 4982595649.
79, 63070831
What are the prime factors of 129023384?
2, 7, 2303989
What are the prime factors of 117844868?
2, 29461217
List the prime factors of 42745310.
2, 5, 17, 251443
List the prime factors of 107630826.
2, 3, 17938471
List the prime factors of 219929530.
2, 5, 1447, 15199
What are the prime factors of 3193426916?
2, 761, 1049089
List the prime factors of 9634475.
5, 385379
List the prime factors of 669463367.
669463367
What are the prime factors of 16884209?
109, 191, 811
What are the prime factors of 177782312?
2, 22222789
What are the prime factors of 126413937?
3, 13, 43, 25127
What are the prime factors of 1311275035?
5, 7, 1601, 3343
List the prime factors of 281847275.
5, 173, 65167
What are the prime factors of 17875428?
2, 3, 19, 78401
List the prime factors of 6703777808.
2, 7, 13, 29, 37, 613
What are the prime factors of 29869558?
2, 19, 71, 11071
What are the prime factors of 642020147?
17, 2221523
What are the prime factors of 9620922?
2, 3, 347, 4621
List the prime factors of 108399588.
2, 3, 11, 821209
List the prime factors of 58246834.
2, 2309, 12613
List the prime factors of 120119376.
2, 3, 13, 192499
List the prime factors of 2412963516.
2, 3, 619, 324847
List the prime factors of 64504266.
2, 3, 911, 11801
What are the prime factors of 18851779?
2081, 9059
List the prime factors of 8735196.
2, 3, 727933
List the prime factors of 8545882.
2, 4272941
List the prime factors of 41905714.
2, 17, 223, 5527
What are the prime factors of 1374993270?
2, 3, 5, 7, 2182529
List the prime factors of 245939074.
2, 37, 41, 103, 787
List the prime factors of 3645517329.
3, 3089, 131129
List the prime factors of 1198451189.
13, 139, 509, 1303
What are the prime factors of 658224197?
658224197
What are the prime factors of 1259375982?
2, 3, 29, 439, 16487
What are the prime factors of 101428072?
2, 12678509
List the prime factors of 929112326.
2, 464556163
List the prime factors of 255708681.
3, 2683, 31769
What are the prime factors of 460479474?
2, 3, 7, 13, 73, 3851
List the prime factors of 675217961.
11, 431, 142421
What are the prime factors of 1491952310?
2, 5, 149195231
List the prime factors of 35815649.
3209, 11161
List the prime factors of 2555529944.
2, 11, 19, 1528427
List the prime factors of 3856584820.
2, 5, 11, 17529931
What are the prime factors of 1210596017?
1210596017
What are the prime factors of 269907198?
2, 3, 11, 17, 19, 1151
List the prime factors of 188697635.
5, 7, 23, 29, 59, 137
List the prime factors of 862863224.
2, 47, 571, 4019
What are the prime factors of 39130165?
5, 53, 147661
What are the prime factors of 5320528850?
2, 5, 7, 13, 1169347
What are the prime factors of 116509698?
2, 3, 2157587
List the prime factors of 1433235597.
3, 2953, 161783
List the prime factors of 306786405.
3, 5, 20452427
List the prime factors of 413725116.
2, 3, 7, 4925299
List the prime factors of 5608087.
47, 119321
What are the prime factors of 72359011?
19, 71, 53639
What are the prime factors of 274951893?
3, 91650631
List the prime factors of 395232652.
2, 691, 142993
What are the prime factors of 5781693875?
5, 46253551
What are the prime factors of 2747924920?
2, 5, 13, 53, 99707
What are the prime factors of 4108900630?
2, 5, 73, 5628631
List the prime factors of 179914645.
5, 113, 359, 887
List the prime factors of 236204228.
2, 13, 4542389
List the prime factors of 321758331.
3, 19, 31, 211, 863
What are the prime factors of 7680845?
5, 19, 233, 347
List the prime factors of 218958596.
2, 181, 302429
List the prime factors of 382520036.
2, 31, 3084839
What are the prime factors of 146760559?
11, 13341869
List the prime factors of 105914530.
2, 5, 1409, 7517
List the prime factors of 8254144.
2, 128971
List the prime factors of 679536832.
2, 13, 62827
What are the prime factors of 3036285672?
2, 3, 7, 18073129
What are the prime factors of 345786434?
2, 7, 19, 185707
List the prime factors of 37363701.
3, 1163, 10709
List the prime factors of 485912313.
3, 29, 101, 18433
What are the prime factors of 33513482?
2, 41, 408701
What are the prime factors of 451167607?
11, 17, 269, 8969
What are the prime factors of 14633800?
2, 5, 19, 3851
List the prime factors of 2763979848.
2, 3, 7, 87049
List the prime factors of 8377123053.
3, 13, 191, 1124597
List the prime factors of 340540531.
13873, 24547
What are the prime factors of 3652912?
2, 228307
What are the prime factors of 266761181?
211, 1264271
What are the prime factors of 33670422?
2, 3, 439, 4261
List the prime factors of 254474152.
2, 857, 37117
What are the prime factors of 770529315?
3, 5, 313, 164117
List the prime factors of 1078818212.
2, 29, 9300157
What are the prime factors of 180552807?
3, 41, 54367
List the prime factors of 30779846.
2, 29, 97, 5471
List the prime factors of 1481171512.
2, 17, 10890967
List the prime factors of 485816610.
2, 3, 5, 163, 99349
What are the prime factors of 28149209?
11, 31, 82549
List the prime factors of 110906019.
3, 7, 587, 2999
List the prime factors of 50139163.
1657, 30259
List the prime factors of 130558491.
3, 7, 42293
What are the prime factors of 217456305?
3, 5, 11, 1317917
List the prime factors of 167457161.
41, 1543, 2647
List the prime factors of 140633955.
3, 5, 7, 11, 83, 163
What are the prime factors of 351195018?
2, 3, 43, 131, 10391
What are the prime factors of 1849543545?
3, 5, 31, 127, 31319
What are the prime factors of 92270541?
3, 11, 41, 47, 1451
What are the prime factors of 34217707?
31, 1103797
What are the prime factors of 61328069?
11, 29, 192251
What are the prime factors of 652059378?
2, 3, 17, 61, 181, 193
What are the prime factors of 1066525568?
2, 8332231
List the prime factors of 913835268.
2, 3, 89, 223, 1279
List the prime factors of 164344955.
5, 32868991
What are the prime factors of 102421603?
102421603
What are the prime factors of 4684990043?
12421, 377183
List the prime factors of 1442382518.
2, 5209, 138451
List the prime factors of 1859308435.
5, 371861687
List the prime factors of 2405863109.
13, 1303, 142031
List the prime factors of 41911510.
2, 5, 4191151
What are the prime factors of 133501604?
2, 5237, 6373
What are the prime factors of 5799919124?
2, 1449979781
List the prime factors of 109799902.
2, 54899951
What are the prime factors of 1320012357?
3, 8699, 50581
What are the prime factors of 81564576?
2, 3, 37, 22963
List the prime factors of 1804975450.
2, 5, 36099509
List the prime factors of 59561262.
2, 3, 3308959
What are the prime factors of 358701801?
3, 2477, 48271
What 